{"id":10272,"date":"2017-06-30T17:28:18","date_gmt":"2017-06-30T15:28:18","guid":{"rendered":"http:\/\/www.gs-atter.de.maschinenhalle.eu\/?page_id=10272"},"modified":"2022-05-12T20:15:14","modified_gmt":"2022-05-12T18:15:14","slug":"das-sind-wir","status":"publish","type":"page","link":"http:\/\/www.gs-atter.de.maschinenhalle.eu\/?page_id=10272","title":{"rendered":"Die Schule"},"content":{"rendered":"<p style=\"text-align: left;\">Die Grundschule Atter ist eine zweiz\u00fcgige Schule im nordwestlichen Randgebiet der Stadt&nbsp; Osnabr\u00fcck. Das Schulgrundst\u00fcck ist mit viel &#8222;Gr\u00fcn&#8220; umgeben. Das Leyerholz, die D\u00fcte und viele Felder k\u00f6nnen als &#8222;Natur vor Ort&#8220; in den Unterricht einbezogen werden.<\/p>\n<p style=\"text-align: left;\">Jeder unser ca. 135 Sch\u00fcler und Sch\u00fclerinnen ist ein gleich wichtiger T<a href=\"http:\/\/www.gs-atter.de.maschinenhalle.eu\/wp-content\/uploads\/2014\/06\/2016-12-02-19.42.43.jpg\"><img loading=\"lazy\" class=\"wp-image-9647 size-medium alignright\" src=\"http:\/\/www.gs-atter.de.maschinenhalle.eu\/wp-content\/uploads\/2014\/06\/2016-12-02-19.42.43-300x300.jpg\" alt=\"\" width=\"300\" height=\"300\" srcset=\"http:\/\/www.gs-atter.de.maschinenhalle.eu\/wp-content\/uploads\/2014\/06\/2016-12-02-19.42.43-300x300.jpg 300w, http:\/\/www.gs-atter.de.maschinenhalle.eu\/wp-content\/uploads\/2014\/06\/2016-12-02-19.42.43-80x80.jpg 80w, http:\/\/www.gs-atter.de.maschinenhalle.eu\/wp-content\/uploads\/2014\/06\/2016-12-02-19.42.43-768x768.jpg 768w, http:\/\/www.gs-atter.de.maschinenhalle.eu\/wp-content\/uploads\/2014\/06\/2016-12-02-19.42.43-1030x1030.jpg 1030w, http:\/\/www.gs-atter.de.maschinenhalle.eu\/wp-content\/uploads\/2014\/06\/2016-12-02-19.42.43-36x36.jpg 36w, http:\/\/www.gs-atter.de.maschinenhalle.eu\/wp-content\/uploads\/2014\/06\/2016-12-02-19.42.43-180x180.jpg 180w, http:\/\/www.gs-atter.de.maschinenhalle.eu\/wp-content\/uploads\/2014\/06\/2016-12-02-19.42.43-1500x1500.jpg 1500w, http:\/\/www.gs-atter.de.maschinenhalle.eu\/wp-content\/uploads\/2014\/06\/2016-12-02-19.42.43-705x705.jpg 705w, http:\/\/www.gs-atter.de.maschinenhalle.eu\/wp-content\/uploads\/2014\/06\/2016-12-02-19.42.43-120x120.jpg 120w, http:\/\/www.gs-atter.de.maschinenhalle.eu\/wp-content\/uploads\/2014\/06\/2016-12-02-19.42.43-450x450.jpg 450w, http:\/\/www.gs-atter.de.maschinenhalle.eu\/wp-content\/uploads\/2014\/06\/2016-12-02-19.42.43.jpg 1774w\" sizes=\"(max-width: 300px) 100vw, 300px\" \/><\/a>eil der Schulgemeinschaft. Die Gemeinschaft pflegen wir durch klassen\u00fcbergreifende Projekte, Gemeinschaftsfeiern in der Aula und ein Sozialkompetenztraining. Die funktionierende Sozialstruktur der Schule bietet jedem Kind Sicherheit und Geborgenheit. Uns ist wichtig, jedes Kind so anzunehmen, wie es ist.<\/p>\n<p style=\"text-align: left;\">Gleichzeitig sollen die Anlagen des Kindes durch qualifizierten Unterricht weiter entwickelt werden. Besonders qualifiziert haben wird uns im naturwissenschaftlichen Unterricht als &#8222;Sinus&#8220;-Schule: Themen wie Wasser, Magnetismus, Luft geh\u00f6ren bei uns einfach dazu. Durch eine Vielzahl an Versuchsmaterialien verwandelt sich das Klassenzimmer schnell in ein Labor.<\/p>\n<p>Vom Land Niedersachsen sind wir als &#8222;sportfreundliche Schule&#8220; zertifiziert: Ein vielf\u00e4ltiges Bewegungsangebot bieten wir den Kindern in den Pausen und im Sportunterricht. Auch im Unterricht achten wir auf ein &#8222;Lernen in und mit Bewegung&#8220;.<\/p>\n<p>In den Mittagsstunden bieten wir viele freiwillige Zusatz-AGs an: Fu\u00dfball, Basketball und Ringen wird durch qualifizierte Vereinstrainer unterrichtet. Aber auch die Musik- und Kunstschule bietet Kurse an.<\/p>\n","protected":false},"excerpt":{"rendered":"<p>Die Grundschule Atter ist eine zweiz\u00fcgige Schule im nordwestlichen Randgebiet der Stadt&nbsp; Osnabr\u00fcck. Das Schulgrundst\u00fcck ist mit viel &#8222;Gr\u00fcn&#8220; umgeben. Das Leyerholz, die D\u00fcte und viele Felder k\u00f6nnen als &#8222;Natur vor Ort&#8220; in den Unterricht einbezogen werden. Jeder unser ca. 135 Sch\u00fcler und Sch\u00fclerinnen ist ein gleich wichtiger Teil der Schulgemeinschaft. Die Gemeinschaft pflegen wir &#8230; <a title=\"Die Schule\" class=\"read-more\" href=\"http:\/\/www.gs-atter.de.maschinenhalle.eu\/?page_id=10272\" aria-label=\"Mehr dazu unter Die Schule\">Weiterlesen<\/a><\/p>\n","protected":false},"author":1,"featured_media":0,"parent":0,"menu_order":0,"comment_status":"closed","ping_status":"closed","template":"","meta":[],"_links":{"self":[{"href":"http:\/\/www.gs-atter.de.maschinenhalle.eu\/index.php?rest_route=\/wp\/v2\/pages\/10272"}],"collection":[{"href":"http:\/\/www.gs-atter.de.maschinenhalle.eu\/index.php?rest_route=\/wp\/v2\/pages"}],"about":[{"href":"http:\/\/www.gs-atter.de.maschinenhalle.eu\/index.php?rest_route=\/wp\/v2\/types\/page"}],"author":[{"embeddable":true,"href":"http:\/\/www.gs-atter.de.maschinenhalle.eu\/index.php?rest_route=\/wp\/v2\/users\/1"}],"replies":[{"embeddable":true,"href":"http:\/\/www.gs-atter.de.maschinenhalle.eu\/index.php?rest_route=%2Fwp%2Fv2%2Fcomments&post=10272"}],"version-history":[{"count":8,"href":"http:\/\/www.gs-atter.de.maschinenhalle.eu\/index.php?rest_route=\/wp\/v2\/pages\/10272\/revisions"}],"predecessor-version":[{"id":13201,"href":"http:\/\/www.gs-atter.de.maschinenhalle.eu\/index.php?rest_route=\/wp\/v2\/pages\/10272\/revisions\/13201"}],"wp:attachment":[{"href":"http:\/\/www.gs-atter.de.maschinenhalle.eu\/index.php?rest_route=%2Fwp%2Fv2%2Fmedia&parent=10272"}],"curies":[{"name":"wp","href":"https:\/\/api.w.org\/{rel}","templated":true}]}}

<p style="text-align: left;">Die Grundschule Atter ist eine zweizügige Schule im nordwestlichen Randgebiet der Stadt&nbsp; Osnabrück. Das Schulgrundstück ist mit viel &#8222;Grün&#8220; umgeben. Das Leyerholz, die Düte und viele Felder können als &#8222;Natur vor Ort&#8220; in den Unterricht einbezogen werden.</p>
<p style="text-align: left;">Jeder unser ca. 135 Schüler und Schülerinnen ist ein gleich wichtiger T<a href="http://www.gs-atter.de.maschinenhalle.eu/wp-content/uploads/2014/06/2016-12-02-19.42.43.jpg"><img loading="lazy" class="wp-image-9647 size-medium alignright" src="http://www.gs-atter.de.maschinenhalle.eu/wp-content/uploads/2014/06/2016-12-02-19.42.43-300x300.jpg" alt="" width="300" height="300" srcset="http://www.gs-atter.de.maschinenhalle.eu/wp-content/uploads/2014/06/2016-12-02-19.42.43-300x300.jpg 300w, http://www.gs-atter.de.maschinenhalle.eu/wp-content/uploads/2014/06/2016-12-02-19.42.43-80x80.jpg 80w, http://www.gs-atter.de.maschinenhalle.eu/wp-content/uploads/2014/06/2016-12-02-19.42.43-768x768.jpg 768w, http://www.gs-atter.de.maschinenhalle.eu/wp-content/uploads/2014/06/2016-12-02-19.42.43-1030x1030.jpg 1030w, http://www.gs-atter.de.maschinenhalle.eu/wp-content/uploads/2014/06/2016-12-02-19.42.43-36x36.jpg 36w, http://www.gs-atter.de.maschinenhalle.eu/wp-content/uploads/2014/06/2016-12-02-19.42.43-180x180.jpg 180w, http://www.gs-atter.de.maschinenhalle.eu/wp-content/uploads/2014/06/2016-12-02-19.42.43-1500x1500.jpg 1500w, http://www.gs-atter.de.maschinenhalle.eu/wp-content/uploads/2014/06/2016-12-02-19.42.43-705x705.jpg 705w, http://www.gs-atter.de.maschinenhalle.eu/wp-content/uploads/2014/06/2016-12-02-19.42.43-120x120.jpg 120w, http://www.gs-atter.de.maschinenhalle.eu/wp-content/uploads/2014/06/2016-12-02-19.42.43-450x450.jpg 450w, http://www.gs-atter.de.maschinenhalle.eu/wp-content/uploads/2014/06/2016-12-02-19.42.43.jpg 1774w" sizes="(max-width: 300px) 100vw, 300px" /></a>eil der Schulgemeinschaft. Die Gemeinschaft pflegen wir durch klassenübergreifende Projekte, Gemeinschaftsfeiern in der Aula und ein Sozialkompetenztraining. Die funktionierende Sozialstruktur der Schule bietet jedem Kind Sicherheit und Geborgenheit. Uns ist wichtig, jedes Kind so anzunehmen, wie es ist.</p>
<p style="text-align: left;">Gleichzeitig sollen die Anlagen des Kindes durch qualifizierten Unterricht weiter entwickelt werden. Besonders qualifiziert haben wird uns im naturwissenschaftlichen Unterricht als &#8222;Sinus&#8220;-Schule: Themen wie Wasser, Magnetismus, Luft gehören bei uns einfach dazu. Durch eine Vielzahl an Versuchsmaterialien verwandelt sich das Klassenzimmer schnell in ein Labor.</p>
<p>Vom Land Niedersachsen sind wir als &#8222;sportfreundliche Schule&#8220; zertifiziert: Ein vielfältiges Bewegungsangebot bieten wir den Kindern in den Pausen und im Sportunterricht. Auch im Unterricht achten wir auf ein &#8222;Lernen in und mit Bewegung&#8220;.</p>
<p>In den Mittagsstunden bieten wir viele freiwillige Zusatz-AGs an: Fußball, Basketball und Ringen wird durch qualifizierte Vereinstrainer unterrichtet. Aber auch die Musik- und Kunstschule bietet Kurse an.</p>

<p>Die Grundschule Atter ist eine zweizügige Schule im nordwestlichen Randgebiet der Stadt&nbsp; Osnabrück. Das Schulgrundstück ist mit viel &#8222;Grün&#8220; umgeben. Das Leyerholz, die Düte und viele Felder können als &#8222;Natur vor Ort&#8220; in den Unterricht einbezogen werden. Jeder unser ca. 135 Schüler und Schülerinnen ist ein gleich wichtiger Teil der Schulgemeinschaft. Die Gemeinschaft pflegen wir &#8230; <a title="Die Schule" class="read-more" href="http://www.gs-atter.de.maschinenhalle.eu/?page_id=10272" aria-label="Mehr dazu unter Die Schule">Weiterlesen</a></p>
