{"id":11171,"date":"2018-07-12T20:43:09","date_gmt":"2018-07-12T18:43:09","guid":{"rendered":"http:\/\/www.gs-atter.de.maschinenhalle.eu\/?page_id=11171"},"modified":"2018-07-12T20:53:12","modified_gmt":"2018-07-12T18:53:12","slug":"preis-des-bundespraesidenten","status":"publish","type":"page","link":"http:\/\/www.gs-atter.de.maschinenhalle.eu\/?page_id=11171","title":{"rendered":"Preis des Bundespr\u00e4sidenten"},"content":{"rendered":"<h3><a href=\"https:\/\/www.noz.de\/lokales\/osnabrueck\/artikel\/1256693\/grundschueler-aus-atter-treffen-den-bundespraesidenten?utm_source=Email&amp;utm_medium=Link&amp;utm_campaign=Artikel_teilen\"><strong><span style=\"color: #ff0000;\">Link zum Artikel in der NOZ<\/span><\/strong><\/a><\/h3>\n<h5>Die Klasse 1a ist f\u00fcr ein Memory-Spiel ausgezeichnet worden,\u00a0das sie f\u00fcr den Schulwettbewerb zur Entwicklungspolitik \u201ealle f\u00fcr EINE WELT f\u00fcr alle\u201c entworfen haben.\u00a0Die Sch\u00fclerinnen und Sch\u00fcler haben ein Memory-Spiel hergestellt und afrikanisches und deutsches Leben von Kindern gegen\u00fcbergestellt: Hier haben die Familien einen Herd, dort eine Kochstelle; hier haben die M\u00e4dchen und Jungen ein Kinderzimmer, dort schl\u00e4ft die ganze Familie zusammen in einem kleinen Haus.<\/h5>\n<h5>Am 21. Juni lernten dann einige Kinder der Klasse den Bundespr\u00e4sident Frank-Walter Steinmeier pers\u00f6nlich kennen, da er sie f\u00fcr das Projekt auszeichnet.<\/h5>\n<div id=\"content-jump-to\" class=\"content\"><\/div>\n<p>&nbsp;<\/p>\n","protected":false},"excerpt":{"rendered":"<p>Link zum Artikel in der NOZ Die Klasse 1a ist f\u00fcr ein Memory-Spiel ausgezeichnet worden,\u00a0das sie f\u00fcr den Schulwettbewerb zur Entwicklungspolitik \u201ealle f\u00fcr EINE WELT f\u00fcr alle\u201c entworfen haben.\u00a0Die Sch\u00fclerinnen und Sch\u00fcler haben ein Memory-Spiel hergestellt und afrikanisches und deutsches Leben von Kindern gegen\u00fcbergestellt: Hier haben die Familien einen Herd, dort eine Kochstelle; hier haben &#8230; <a title=\"Preis des Bundespr\u00e4sidenten\" class=\"read-more\" href=\"http:\/\/www.gs-atter.de.maschinenhalle.eu\/?page_id=11171\" aria-label=\"Mehr dazu unter Preis des Bundespr\u00e4sidenten\">Weiterlesen<\/a><\/p>\n","protected":false},"author":1,"featured_media":0,"parent":0,"menu_order":0,"comment_status":"closed","ping_status":"closed","template":"","meta":[],"_links":{"self":[{"href":"http:\/\/www.gs-atter.de.maschinenhalle.eu\/index.php?rest_route=\/wp\/v2\/pages\/11171"}],"collection":[{"href":"http:\/\/www.gs-atter.de.maschinenhalle.eu\/index.php?rest_route=\/wp\/v2\/pages"}],"about":[{"href":"http:\/\/www.gs-atter.de.maschinenhalle.eu\/index.php?rest_route=\/wp\/v2\/types\/page"}],"author":[{"embeddable":true,"href":"http:\/\/www.gs-atter.de.maschinenhalle.eu\/index.php?rest_route=\/wp\/v2\/users\/1"}],"replies":[{"embeddable":true,"href":"http:\/\/www.gs-atter.de.maschinenhalle.eu\/index.php?rest_route=%2Fwp%2Fv2%2Fcomments&post=11171"}],"version-history":[{"count":4,"href":"http:\/\/www.gs-atter.de.maschinenhalle.eu\/index.php?rest_route=\/wp\/v2\/pages\/11171\/revisions"}],"predecessor-version":[{"id":11176,"href":"http:\/\/www.gs-atter.de.maschinenhalle.eu\/index.php?rest_route=\/wp\/v2\/pages\/11171\/revisions\/11176"}],"wp:attachment":[{"href":"http:\/\/www.gs-atter.de.maschinenhalle.eu\/index.php?rest_route=%2Fwp%2Fv2%2Fmedia&parent=11171"}],"curies":[{"name":"wp","href":"https:\/\/api.w.org\/{rel}","templated":true}]}}