{"id":11935,"date":"2019-10-25T21:22:31","date_gmt":"2019-10-25T19:22:31","guid":{"rendered":"http:\/\/www.gs-atter.de.maschinenhalle.eu\/?page_id=11935"},"modified":"2019-10-25T22:05:09","modified_gmt":"2019-10-25T20:05:09","slug":"68-steckenpferdreiten","status":"publish","type":"page","link":"http:\/\/www.gs-atter.de.maschinenhalle.eu\/?page_id=11935","title":{"rendered":"68. Steckenpferdreiten"},"content":{"rendered":"<p><img loading=\"lazy\" class=\"alignleft size-full wp-image-11912\" src=\"http:\/\/www.gs-atter.de.maschinenhalle.eu\/wp-content\/uploads\/2019\/10\/5AE69D38-5EF3-4A35-AD06-1307AB88B766.jpeg\" alt=\"\" width=\"927\" height=\"618\" srcset=\"http:\/\/www.gs-atter.de.maschinenhalle.eu\/wp-content\/uploads\/2019\/10\/5AE69D38-5EF3-4A35-AD06-1307AB88B766.jpeg 927w, http:\/\/www.gs-atter.de.maschinenhalle.eu\/wp-content\/uploads\/2019\/10\/5AE69D38-5EF3-4A35-AD06-1307AB88B766-300x200.jpeg 300w, http:\/\/www.gs-atter.de.maschinenhalle.eu\/wp-content\/uploads\/2019\/10\/5AE69D38-5EF3-4A35-AD06-1307AB88B766-768x512.jpeg 768w\" sizes=\"(max-width: 927px) 100vw, 927px\" \/>Mit dem Lied &#8222;Wir Reiter zieh&#8216; n durch Osnabr\u00fcck&#8230;&#8220;\u00a0 auf den Lippen zogen unsere Viertkl\u00e4ssler am 25. Oktober durch die Gro\u00dfe Stra\u00dfe. Ziel war der Rathausplatz, wo es zur Belohnung eine s\u00fc\u00dfe Brezel vom Oberb\u00fcrgermeister gab.<\/p>\n","protected":false},"excerpt":{"rendered":"<p>Mit dem Lied &#8222;Wir Reiter zieh&#8216; n durch Osnabr\u00fcck&#8230;&#8220;\u00a0 auf den Lippen zogen unsere Viertkl\u00e4ssler am 25. Oktober durch die Gro\u00dfe Stra\u00dfe. Ziel war der Rathausplatz, wo es zur Belohnung eine s\u00fc\u00dfe Brezel vom Oberb\u00fcrgermeister gab.<\/p>\n","protected":false},"author":1,"featured_media":0,"parent":0,"menu_order":0,"comment_status":"closed","ping_status":"closed","template":"","meta":[],"_links":{"self":[{"href":"http:\/\/www.gs-atter.de.maschinenhalle.eu\/index.php?rest_route=\/wp\/v2\/pages\/11935"}],"collection":[{"href":"http:\/\/www.gs-atter.de.maschinenhalle.eu\/index.php?rest_route=\/wp\/v2\/pages"}],"about":[{"href":"http:\/\/www.gs-atter.de.maschinenhalle.eu\/index.php?rest_route=\/wp\/v2\/types\/page"}],"author":[{"embeddable":true,"href":"http:\/\/www.gs-atter.de.maschinenhalle.eu\/index.php?rest_route=\/wp\/v2\/users\/1"}],"replies":[{"embeddable":true,"href":"http:\/\/www.gs-atter.de.maschinenhalle.eu\/index.php?rest_route=%2Fwp%2Fv2%2Fcomments&post=11935"}],"version-history":[{"count":2,"href":"http:\/\/www.gs-atter.de.maschinenhalle.eu\/index.php?rest_route=\/wp\/v2\/pages\/11935\/revisions"}],"predecessor-version":[{"id":11938,"href":"http:\/\/www.gs-atter.de.maschinenhalle.eu\/index.php?rest_route=\/wp\/v2\/pages\/11935\/revisions\/11938"}],"wp:attachment":[{"href":"http:\/\/www.gs-atter.de.maschinenhalle.eu\/index.php?rest_route=%2Fwp%2Fv2%2Fmedia&parent=11935"}],"curies":[{"name":"wp","href":"https:\/\/api.w.org\/{rel}","templated":true}]}}