{"id":13451,"date":"2025-04-29T09:02:44","date_gmt":"2025-04-29T07:02:44","guid":{"rendered":"http:\/\/www.gs-atter.de.maschinenhalle.eu\/?page_id=13451"},"modified":"2026-04-20T09:54:37","modified_gmt":"2026-04-20T07:54:37","slug":"schulanmeldung-fuer-2026","status":"publish","type":"page","link":"http:\/\/www.gs-atter.de.maschinenhalle.eu\/?page_id=13451","title":{"rendered":"Schulanmeldung f\u00fcr 2027"},"content":{"rendered":"\n<p>Liebe Eltern,<\/p>\n\n\n\n<p>wenn Ihr Kind im Sommer 2027 eingeschult wird, m\u00fcssen Sie es bereits in diesem Jahr anmelden. <\/p>\n\n\n\n<p>Die Schulanmeldungen finden in der Woche vom<strong>&nbsp;04. bis 07. Mai 2026&nbsp;<\/strong>statt.<\/p>\n\n\n\n<p>Wichtig!<strong> Bringen Sie Ihr Kind mit zur Schulanmeldung<\/strong>. Zus\u00e4tzlich das&nbsp;<strong>Anschreiben<\/strong>&nbsp;der Stadt Osnabr\u00fcck, die&nbsp;<strong>Geburtsurkunde<\/strong>&nbsp;und einen Nachweis \u00fcber die Masernimpfung z.B. mit dem&nbsp;<strong>Impfpass<\/strong>.<\/p>\n\n\n\n<p>In der letzten Aprilwoche erhalten Sie Post von uns mit weiteren Informationen.<\/p>\n\n\n\n<p>bitte f\u00fcllen Sie den Anmeldebogen aus:<\/p>\n\n\n\n<div class=\"wp-block-file\"><object class=\"wp-block-file__embed\" data=\"http:\/\/www.gs-atter.de.maschinenhalle.eu\/wp-content\/uploads\/2025\/04\/Fit-fuer-die-Schule.pdf\" type=\"application\/pdf\" style=\"width:100%;height:600px\" aria-label=\"Einbettung von Fit-fuer-die-Schule.\"><\/object><a id=\"wp-block-file--media-977d6da7-b34f-4d25-9f8d-365ae1a9a4f6\" href=\"http:\/\/www.gs-atter.de.maschinenhalle.eu\/wp-content\/uploads\/2025\/04\/Fit-fuer-die-Schule.pdf\">Fit-fuer-die-Schule<\/a><a href=\"http:\/\/www.gs-atter.de.maschinenhalle.eu\/wp-content\/uploads\/2025\/04\/Fit-fuer-die-Schule.pdf\" class=\"wp-block-file__button\" download aria-describedby=\"wp-block-file--media-977d6da7-b34f-4d25-9f8d-365ae1a9a4f6\">Herunterladen<\/a><\/div>\n\n\n\n<div class=\"wp-block-file\"><object class=\"wp-block-file__embed\" data=\"http:\/\/www.gs-atter.de.maschinenhalle.eu\/wp-content\/uploads\/2026\/04\/2026_Schulanmeldung.pdf\" type=\"application\/pdf\" style=\"width:100%;height:600px\" aria-label=\"Einbettung von 2026_Schulanmeldung.\"><\/object><a id=\"wp-block-file--media-eda34b83-1241-44be-a1a7-27f790800362\" href=\"http:\/\/www.gs-atter.de.maschinenhalle.eu\/wp-content\/uploads\/2026\/04\/2026_Schulanmeldung.pdf\">2026_Schulanmeldung<\/a><a href=\"http:\/\/www.gs-atter.de.maschinenhalle.eu\/wp-content\/uploads\/2026\/04\/2026_Schulanmeldung.pdf\" class=\"wp-block-file__button\" download aria-describedby=\"wp-block-file--media-eda34b83-1241-44be-a1a7-27f790800362\">Herunterladen<\/a><\/div>\n","protected":false},"excerpt":{"rendered":"<p>Liebe Eltern, wenn Ihr Kind im Sommer 2027 eingeschult wird, m\u00fcssen Sie es bereits in diesem Jahr anmelden. Die Schulanmeldungen finden in der Woche vom&nbsp;04. bis 07. Mai 2026&nbsp;statt. Wichtig! Bringen Sie Ihr Kind mit zur Schulanmeldung. Zus\u00e4tzlich das&nbsp;Anschreiben&nbsp;der Stadt Osnabr\u00fcck, die&nbsp;Geburtsurkunde&nbsp;und einen Nachweis \u00fcber die Masernimpfung z.B. mit dem&nbsp;Impfpass. In der letzten Aprilwoche erhalten &#8230; <a title=\"Schulanmeldung f\u00fcr 2027\" class=\"read-more\" href=\"http:\/\/www.gs-atter.de.maschinenhalle.eu\/?page_id=13451\" aria-label=\"Mehr dazu unter Schulanmeldung f\u00fcr 2027\">Weiterlesen<\/a><\/p>\n","protected":false},"author":1,"featured_media":0,"parent":0,"menu_order":0,"comment_status":"closed","ping_status":"closed","template":"","meta":[],"_links":{"self":[{"href":"http:\/\/www.gs-atter.de.maschinenhalle.eu\/index.php?rest_route=\/wp\/v2\/pages\/13451"}],"collection":[{"href":"http:\/\/www.gs-atter.de.maschinenhalle.eu\/index.php?rest_route=\/wp\/v2\/pages"}],"about":[{"href":"http:\/\/www.gs-atter.de.maschinenhalle.eu\/index.php?rest_route=\/wp\/v2\/types\/page"}],"author":[{"embeddable":true,"href":"http:\/\/www.gs-atter.de.maschinenhalle.eu\/index.php?rest_route=\/wp\/v2\/users\/1"}],"replies":[{"embeddable":true,"href":"http:\/\/www.gs-atter.de.maschinenhalle.eu\/index.php?rest_route=%2Fwp%2Fv2%2Fcomments&post=13451"}],"version-history":[{"count":7,"href":"http:\/\/www.gs-atter.de.maschinenhalle.eu\/index.php?rest_route=\/wp\/v2\/pages\/13451\/revisions"}],"predecessor-version":[{"id":15220,"href":"http:\/\/www.gs-atter.de.maschinenhalle.eu\/index.php?rest_route=\/wp\/v2\/pages\/13451\/revisions\/15220"}],"wp:attachment":[{"href":"http:\/\/www.gs-atter.de.maschinenhalle.eu\/index.php?rest_route=%2Fwp%2Fv2%2Fmedia&parent=13451"}],"curies":[{"name":"wp","href":"https:\/\/api.w.org\/{rel}","templated":true}]}}