{"id":13519,"date":"2022-10-17T12:04:25","date_gmt":"2022-10-17T10:04:25","guid":{"rendered":"http:\/\/www.gs-atter.de.maschinenhalle.eu\/?page_id=13519"},"modified":"2022-10-21T21:16:10","modified_gmt":"2022-10-21T19:16:10","slug":"ganztagsschule","status":"publish","type":"page","link":"http:\/\/www.gs-atter.de.maschinenhalle.eu\/?page_id=13519","title":{"rendered":"Ganztagsschule"},"content":{"rendered":"\n<p>Im Sommer 2023 werden wir zur Ganztagsschule mit m\u00f6glichen Betreuungszeiten bis 12:00 Uhr, 13:00 Uhr, 15:15 Uhr oder 17:00 Uhr. Gleichzeitig freuen wir uns auf die sch\u00f6nen neuen Klassenr\u00e4ume im Neubau.<\/p>\n\n\n\n<figure class=\"wp-block-image size-large\"><img loading=\"lazy\" width=\"1030\" height=\"808\" src=\"http:\/\/www.gs-atter.de.maschinenhalle.eu\/wp-content\/uploads\/2022\/10\/stundentaktung-1030x808.png\" alt=\"\" class=\"wp-image-13521\" srcset=\"http:\/\/www.gs-atter.de.maschinenhalle.eu\/wp-content\/uploads\/2022\/10\/stundentaktung-1030x808.png 1030w, http:\/\/www.gs-atter.de.maschinenhalle.eu\/wp-content\/uploads\/2022\/10\/stundentaktung-300x235.png 300w, http:\/\/www.gs-atter.de.maschinenhalle.eu\/wp-content\/uploads\/2022\/10\/stundentaktung-768x602.png 768w, http:\/\/www.gs-atter.de.maschinenhalle.eu\/wp-content\/uploads\/2022\/10\/stundentaktung-1536x1204.png 1536w, http:\/\/www.gs-atter.de.maschinenhalle.eu\/wp-content\/uploads\/2022\/10\/stundentaktung.png 1575w\" sizes=\"(max-width: 1030px) 100vw, 1030px\" \/><\/figure>\n\n\n\n<div class=\"wp-container-1 wp-block-buttons\">\n<div class=\"wp-block-button\"><a class=\"wp-block-button__link\" href=\"http:\/\/www.gs-atter.de.maschinenhalle.eu\/wp-content\/uploads\/2022\/10\/ogs_atter_konzept_2022.pdf\">Ganztagsschulkonzept OGS Atter<\/a><\/div>\n<\/div>\n","protected":false},"excerpt":{"rendered":"<p>Im Sommer 2023 werden wir zur Ganztagsschule mit m\u00f6glichen Betreuungszeiten bis 12:00 Uhr, 13:00 Uhr, 15:15 Uhr oder 17:00 Uhr. Gleichzeitig freuen wir uns auf die sch\u00f6nen neuen Klassenr\u00e4ume im Neubau.<\/p>\n","protected":false},"author":1,"featured_media":0,"parent":0,"menu_order":0,"comment_status":"closed","ping_status":"closed","template":"","meta":[],"_links":{"self":[{"href":"http:\/\/www.gs-atter.de.maschinenhalle.eu\/index.php?rest_route=\/wp\/v2\/pages\/13519"}],"collection":[{"href":"http:\/\/www.gs-atter.de.maschinenhalle.eu\/index.php?rest_route=\/wp\/v2\/pages"}],"about":[{"href":"http:\/\/www.gs-atter.de.maschinenhalle.eu\/index.php?rest_route=\/wp\/v2\/types\/page"}],"author":[{"embeddable":true,"href":"http:\/\/www.gs-atter.de.maschinenhalle.eu\/index.php?rest_route=\/wp\/v2\/users\/1"}],"replies":[{"embeddable":true,"href":"http:\/\/www.gs-atter.de.maschinenhalle.eu\/index.php?rest_route=%2Fwp%2Fv2%2Fcomments&post=13519"}],"version-history":[{"count":2,"href":"http:\/\/www.gs-atter.de.maschinenhalle.eu\/index.php?rest_route=\/wp\/v2\/pages\/13519\/revisions"}],"predecessor-version":[{"id":13532,"href":"http:\/\/www.gs-atter.de.maschinenhalle.eu\/index.php?rest_route=\/wp\/v2\/pages\/13519\/revisions\/13532"}],"wp:attachment":[{"href":"http:\/\/www.gs-atter.de.maschinenhalle.eu\/index.php?rest_route=%2Fwp%2Fv2%2Fmedia&parent=13519"}],"curies":[{"name":"wp","href":"https:\/\/api.w.org\/{rel}","templated":true}]}}