{"id":14158,"date":"2024-01-29T23:05:28","date_gmt":"2024-01-29T21:05:28","guid":{"rendered":"http:\/\/www.gs-atter.de.maschinenhalle.eu\/?page_id=14158"},"modified":"2024-02-18T21:10:17","modified_gmt":"2024-02-18T19:10:17","slug":"theater","status":"publish","type":"page","link":"http:\/\/www.gs-atter.de.maschinenhalle.eu\/?page_id=14158","title":{"rendered":"Theater"},"content":{"rendered":"\n<p>Alle Kinder, die sich gerne verkleiden und Freude am Schauspielern haben, sind in der Theater-AG genau richtig. Hier kann man mal ganz leise, mal laut sein, mal gro\u00df oder ganz klein. Schl\u00fcpfe in die Rollen von Feen, R\u00e4ubern oder Prinzessinnen und lass&#8216; deine Fantasie spielen. <\/p>\n","protected":false},"excerpt":{"rendered":"<p>Alle Kinder, die sich gerne verkleiden und Freude am Schauspielern haben, sind in der Theater-AG genau richtig. Hier kann man mal ganz leise, mal laut sein, mal gro\u00df oder ganz klein. Schl\u00fcpfe in die Rollen von Feen, R\u00e4ubern oder Prinzessinnen und lass&#8216; deine Fantasie spielen.<\/p>\n","protected":false},"author":1,"featured_media":0,"parent":0,"menu_order":0,"comment_status":"closed","ping_status":"closed","template":"","meta":[],"_links":{"self":[{"href":"http:\/\/www.gs-atter.de.maschinenhalle.eu\/index.php?rest_route=\/wp\/v2\/pages\/14158"}],"collection":[{"href":"http:\/\/www.gs-atter.de.maschinenhalle.eu\/index.php?rest_route=\/wp\/v2\/pages"}],"about":[{"href":"http:\/\/www.gs-atter.de.maschinenhalle.eu\/index.php?rest_route=\/wp\/v2\/types\/page"}],"author":[{"embeddable":true,"href":"http:\/\/www.gs-atter.de.maschinenhalle.eu\/index.php?rest_route=\/wp\/v2\/users\/1"}],"replies":[{"embeddable":true,"href":"http:\/\/www.gs-atter.de.maschinenhalle.eu\/index.php?rest_route=%2Fwp%2Fv2%2Fcomments&post=14158"}],"version-history":[{"count":2,"href":"http:\/\/www.gs-atter.de.maschinenhalle.eu\/index.php?rest_route=\/wp\/v2\/pages\/14158\/revisions"}],"predecessor-version":[{"id":14201,"href":"http:\/\/www.gs-atter.de.maschinenhalle.eu\/index.php?rest_route=\/wp\/v2\/pages\/14158\/revisions\/14201"}],"wp:attachment":[{"href":"http:\/\/www.gs-atter.de.maschinenhalle.eu\/index.php?rest_route=%2Fwp%2Fv2%2Fmedia&parent=14158"}],"curies":[{"name":"wp","href":"https:\/\/api.w.org\/{rel}","templated":true}]}}