{"id":14429,"date":"2024-08-14T16:21:52","date_gmt":"2024-08-14T14:21:52","guid":{"rendered":"http:\/\/www.gs-atter.de.maschinenhalle.eu\/?page_id=14429"},"modified":"2024-08-14T16:21:53","modified_gmt":"2024-08-14T14:21:53","slug":"handarbeits-ag","status":"publish","type":"page","link":"http:\/\/www.gs-atter.de.maschinenhalle.eu\/?page_id=14429","title":{"rendered":"Handarbeits AG"},"content":{"rendered":"\n<p>Frau Frost leitet die Handarbeits-AG der 3. und 4. Klassen. Die Sch\u00fcler:innen haben mit Fingerstricken begonnen. Der erste fertige Exemplar wandern als Schal f\u00fcr&#8217;s Kuscheltier nach Hause.<br>Vielen Dank an die @Wollperle f\u00fcr die gro\u00dfz\u00fcgige Wollspende!<\/p>\n\n\n\n<figure class=\"wp-block-image size-large is-resized\"><img loading=\"lazy\" src=\"http:\/\/www.gs-atter.de.maschinenhalle.eu\/wp-content\/uploads\/2024\/08\/IMG_5541-1-956x1030.jpeg\" alt=\"\" class=\"wp-image-14430\" width=\"374\" height=\"402\" srcset=\"http:\/\/www.gs-atter.de.maschinenhalle.eu\/wp-content\/uploads\/2024\/08\/IMG_5541-1-956x1030.jpeg 956w, http:\/\/www.gs-atter.de.maschinenhalle.eu\/wp-content\/uploads\/2024\/08\/IMG_5541-1-279x300.jpeg 279w, http:\/\/www.gs-atter.de.maschinenhalle.eu\/wp-content\/uploads\/2024\/08\/IMG_5541-1-768x827.jpeg 768w, http:\/\/www.gs-atter.de.maschinenhalle.eu\/wp-content\/uploads\/2024\/08\/IMG_5541-1.jpeg 1404w\" sizes=\"(max-width: 374px) 100vw, 374px\" \/><\/figure>\n\n\n\n<p><\/p>\n","protected":false},"excerpt":{"rendered":"<p>Frau Frost leitet die Handarbeits-AG der 3. und 4. Klassen. Die Sch\u00fcler:innen haben mit Fingerstricken begonnen. Der erste fertige Exemplar wandern als Schal f\u00fcr&#8217;s Kuscheltier nach Hause.Vielen Dank an die @Wollperle f\u00fcr die gro\u00dfz\u00fcgige Wollspende!<\/p>\n","protected":false},"author":1,"featured_media":0,"parent":0,"menu_order":0,"comment_status":"closed","ping_status":"closed","template":"","meta":[],"_links":{"self":[{"href":"http:\/\/www.gs-atter.de.maschinenhalle.eu\/index.php?rest_route=\/wp\/v2\/pages\/14429"}],"collection":[{"href":"http:\/\/www.gs-atter.de.maschinenhalle.eu\/index.php?rest_route=\/wp\/v2\/pages"}],"about":[{"href":"http:\/\/www.gs-atter.de.maschinenhalle.eu\/index.php?rest_route=\/wp\/v2\/types\/page"}],"author":[{"embeddable":true,"href":"http:\/\/www.gs-atter.de.maschinenhalle.eu\/index.php?rest_route=\/wp\/v2\/users\/1"}],"replies":[{"embeddable":true,"href":"http:\/\/www.gs-atter.de.maschinenhalle.eu\/index.php?rest_route=%2Fwp%2Fv2%2Fcomments&post=14429"}],"version-history":[{"count":1,"href":"http:\/\/www.gs-atter.de.maschinenhalle.eu\/index.php?rest_route=\/wp\/v2\/pages\/14429\/revisions"}],"predecessor-version":[{"id":14432,"href":"http:\/\/www.gs-atter.de.maschinenhalle.eu\/index.php?rest_route=\/wp\/v2\/pages\/14429\/revisions\/14432"}],"wp:attachment":[{"href":"http:\/\/www.gs-atter.de.maschinenhalle.eu\/index.php?rest_route=%2Fwp%2Fv2%2Fmedia&parent=14429"}],"curies":[{"name":"wp","href":"https:\/\/api.w.org\/{rel}","templated":true}]}}