{"id":16,"date":"2014-06-08T11:47:20","date_gmt":"2014-06-08T09:47:20","guid":{"rendered":"http:\/\/www.gs-atter.de.maschinenhalle.eu\/?page_id=16"},"modified":"2021-07-28T19:31:38","modified_gmt":"2021-07-28T17:31:38","slug":"impressum","status":"publish","type":"page","link":"http:\/\/www.gs-atter.de.maschinenhalle.eu\/?page_id=16","title":{"rendered":"Impressum \/ DSGVO"},"content":{"rendered":"<header class=\"entry-header\">\n<h6><strong>I. Name und Anschrift des Verantwortlichen<br \/>\n<\/strong><\/h6>\n<h6>Land Niedersachsen (Dienstanbieter im Sinne des Telemediengesetzes)<\/h6>\n<h6>Das Land Niedersachsen ist eine juristische Person des \u00f6ffentlichen Rechts vertreten durch Frau Maike Breski als Schulleiterin.<\/h6>\n<h6>Grundschule Atter<\/h6>\n<h6>Leyer Str. 153<\/h6>\n<h6>49076 Osnabr\u00fcck<\/h6>\n<h6>Tel. 0541-323-81800<\/h6>\n<h6>E-Mail: info@gs-atter.de<\/h6>\n<\/header>\n<h6><\/h6>\n<p>Verantwortlicher f\u00fcr redaktionell-journalistische Angebote i.S. \u00a755 Abs. 2 Rundfunkstaatsvertrag: Maike Breski \/ GS Atter s.o.<\/p>\n<p>Diese Webseite beinhaltet externe Links, deren Inhalte entziehen sich unserer Einflussnahme, sodass eine Gew\u00e4hr f\u00fcr solche Inhalte von uns nicht \u00fcbernommen werden kann.\u00a0 Die Verantwortung liegt jeweils beim Betreiber der externen Seiten. Zum Zeitpunkt der Verkn\u00fcpfung der externen Links waren keine Rechtverst\u00f6\u00dfe ersichtlich. Die permanente \u00dcberwachung externer Inhalte auf Rechtsverst\u00f6\u00dfe ohne konkreten Hinweis ist uns nicht zumutbar.<\/p>\n<p>Sollten wir Kenntnis von Rechtsverletzungen erlangen, werden wir entsprechende externe Links unverz\u00fcglich entfernen.<\/p>\n<header class=\"entry-header\">\n<h6><strong>II. Name und Anschrift des beh\u00f6rdlichen Datenschutzbeauftragten<br \/>\n<\/strong>Die Datenschutzbeauftragte des Verantwortlichen ist: Herr Dr. Marco Wolters<br \/>\nTel.: 0541-81800<br \/>\nE-Mail: gs-atter@osnanet.de<\/h6>\n<\/header>\n<header class=\"entry-header\">\n<h6><\/h6>\n<h6><strong>III. Name und Anschrift unseres Host-Providers<br \/>\n<\/strong>Detlef Hoge<\/h6>\n<h6>Theelenkamp 4<\/h6>\n<h6>49545 Tecklenburg<\/h6>\n<h6><strong>IV. Bereitstellung der Website und Erstellung von Logfiles<br \/>\n<\/strong>Bei jedem Aufruf unserer Internetseite erfasst unser System automatisiert Daten und Informationen vom Computersystem des aufrufenden Rechners. Folgende Daten werden hierbei erhoben:<\/h6>\n<h6>(1) Datum und Uhrzeit des Zugriffes<br \/>\n(2) Vom System protokollierte Fehler beim Aufruf unserer Seiten<br \/>\n(3) Die IP-Adresse des Nutzers<br \/>\n(4) Die Betriebssystemversion des Nutzers<br \/>\n(5) Der Browsertyp des Nutzers<br \/>\n(6) Die vom Nutzer aufgerufene Seite<br \/>\n(7) Die Weiterleitung auf eine externe Seite<\/h6>\n<h6>Die Daten werden in den Logfiles gespeichert. Eine Speicherung dieser Daten zusammen mit anderen personenbezogenen Daten des Nutzers findet nicht statt. Zweck der Datenspeicherung ist technische Optimierung unserer Internetseite. Rechtsgrundlage f\u00fcr die vor\u00fcbergehende Speicherung der Daten ist Art. 6 Abs.1 lit.f DSGVO.<\/h6>\n<h6>Die Daten werden f\u00fcr 52 Wochen gespeichert, sie werden lediglich statistisch ausgewertet. Danach werden sie gel\u00f6scht.<\/h6>\n<h6><\/h6>\n<h6><strong>V. Verwendung von Cookies<br \/>\n<\/strong>Beim Anmelden in WordPress werden Cookies eingerichtet, um die Anmeldeinformationen und Anzeigeoptionen zu speichern. Anmelde-Cookies verfallen nach zwei Tagen und Cookies f\u00fcr die Anzeigeoptionen nach einem Jahr. Falls Sie bei der Anmeldung \u201eAngemeldet bleiben\u201c ausgew\u00e4hlt haben, wird Ihre Anmeldung zwei Wochen lang aufrechterhalten. Mit der Abmeldung aus Ihrem Konto werden die Anmelde-Cookies gel\u00f6scht.<\/h6>\n<h6><\/h6>\n<h6><strong>VI. Speicherung personenbezogener Daten bei Kontaktaufnahme<br \/>\n<\/strong>Sofern Sie per E-Mail den Kontakt mit uns aufnehmen, werden die von Ihnen \u00fcbermittelten personenbezogenen Daten automatisch gespeichert. Diese Daten werden f\u00fcr Zwecke der Bearbeitung Ihres Anliegens und der Kontaktaufnahme mit Ihnen gespeichert.<\/h6>\n<h6>Wenn Sie Gebrauch von unserem Kontaktformular machen, werden die folgenden personenbezogenen Daten von Ihnen gespeichert: Ihr Name, Ihre Anschrift, Ihre E-Mail-Adresse.<\/h6>\n<h6>Die L\u00f6schung der Daten erfolgt, sobald deren Speicherung f\u00fcr die Bearbeitung Ihres Anliegens nicht mehr erforderlich ist.<\/h6>\n<h6><strong>VII. Kontaktformulare<br \/>\n<\/strong>Wenn Sie einen Kommentar auf unserer Website schreiben, kann das eine Einwilligung sein, Ihren Namen, E-Mailadresse und Website in Cookies zu speichern. Dies ist eine Komfortfunktion, damit Sie nicht, wenn Sie einen weiteren Kommentar schreiben, all diese Daten erneut eingeben m\u00fcssen. Diese Cookies werden ein Jahr lang gespeichert.<\/h6>\n<h6><\/h6>\n<h6><strong>VIII. Medien<br \/>\n<\/strong>Wenn Sie ein registrierter Benutzer sind und Fotos auf diese Website laden, sollten Sie vermeiden Fotos mit einer EXIF-GPS-Standort hochzuladen. Besucher dieser Website k\u00f6nnten Fotos, die auf dieser Website gespeichert sind, herunterladen und deren Standort-Informationen extrahieren.<\/h6>\n<h6><\/h6>\n<h6><strong>IX. Eingebettete Inhalte von anderen Websites<br \/>\n<\/strong>Beitr\u00e4ge auf dieser Website k\u00f6nnen eingebettete Inhalte beinhalten (z. B. Videos, Bilder, Beitr\u00e4ge etc.). Eingebettete Inhalte von anderen Websites verhalten sich exakt so, als ob der Besucher die andere Website besucht h\u00e4tte.<br \/>\nDiese Websites k\u00f6nnen Daten \u00fcber Sie sammeln, Cookies benutzen, zus\u00e4tzliche Tracking-Dienste von Dritten einbetten und Ihre Interaktion mit diesem eingebetteten Inhalt aufzeichnen, inklusive Ihrer Interaktion mit dem eingebetteten Inhalt, falls Sie ein Konto haben und auf dieser Website angemeldet sind.\u201c<\/h6>\n<h6><\/h6>\n<h6><strong>X. Betroffenenrechte<br \/>\n<\/strong>Sie k\u00f6nnen folgende Rechte geltend machen:<\/h6>\n<h6><em>\u2022 Auskunft\/ Akteneinsicht<\/em><br \/>\nGem. Art. 15 DSGVO haben Sie das Recht, Auskunft bzw. Akteneinsicht \u00fcber die von uns verarbeiteten personenbezogenen Daten zu erhalten.<\/h6>\n<h6><em>\u2022 Berichtigung<\/em><br \/>\nSind bei uns gespeicherte personenbezogene Daten unrichtig oder unvollst\u00e4ndig, haben Sie gem. Art. 16 DSGVO das Recht, diese berichtigen bzw. vervollst\u00e4ndigen zu lassen.<\/h6>\n<h6><em>\u2022 L\u00f6schung<\/em><br \/>\nArt. 17 DSGVO normiert das Recht auf L\u00f6schung personenbezogener Daten. Dieses Recht steht Ihnen insbesondere dann zu, wenn die Speicherung der personenbezogenen Daten zur Erf\u00fcllung unserer gesetzlichen Aufgaben nicht mehr erforderlich ist oder Sie Ihre Einwilligung zur Datenverarbeitung mit Wirkung f\u00fcr die Zukunft widerrufen haben.<\/h6>\n<h6><em>\u2022 Einschr\u00e4nkung der Verarbeitung<\/em><br \/>\nGem. Art. 18 DSGVO k\u00f6nnen Sie die Einschr\u00e4nkung der personenbezogenen Daten verlangen, wenn<br \/>\n\u2013 die Richtigkeit der Daten von Ihnen bestritten wird<br \/>\n\u2013 die Verarbeitung unrechtm\u00e4\u00dfig ist, Sie aber deren L\u00f6schung ablehnen<br \/>\n\u2013 wir die Daten nicht mehr ben\u00f6tigen, Sie jedoch diese zur Geltendmachung, Aus\u00fcbung oder Verteidigung von Rechtsanspr\u00fcchen ben\u00f6tigen<br \/>\n\u2013 oder Sie gem\u00e4\u00df Art. 21 DSGVO Widerspruch gegen die Verarbeitung eingelegt haben<\/h6>\n<h6><em>\u2022 Widerspruch<\/em><br \/>\nSie k\u00f6nnen bei Gr\u00fcnden, die sich aus Ihrer besonderen Situation ergeben, ein Widerspruchsrecht geltend machen. Gem. Art. 21 DSGVO ist jedoch zu ber\u00fccksichtigten, ob schutzw\u00fcrdige Gr\u00fcnde f\u00fcr die Verarbeitung vorliegen oder die Verarbeitung der Geltendmachung, Aus\u00fcbung oder Verteidigung von Rechtsanspr\u00fcchen dient.<\/h6>\n<h6><em>\u2022 Daten\u00fcbertragbarkeit<\/em><br \/>\nIst die Verarbeitung Ihrer Daten mit Hilfe eines automatisierten Verfahrens erfolgt, haben Sie gem. Art. 20 DSGVO das Recht, die Daten in einem g\u00e4ngigen und maschinenlesbaren Format zu erhalten und an eine andere Schule zu \u00fcbermitteln bzw. durch uns \u00fcbermitteln zu lassen.<\/h6>\n<h6><em>\u2022 Widerruf der Einwilligung<\/em><br \/>\nSie haben gem. Art. 7 Absatz 3 DSGVO das Recht, uns erteilte Einwilligungen jederzeit mit Wirkung f\u00fcr die Zukunft zu widerrufen.<\/h6>\n<h6><em>\u2022 Beschwerde<\/em><br \/>\nArt. 77 DSGVO normiert ein Beschwerderecht bei der Aufsichtsbeh\u00f6rde. Die f\u00fcr uns zust\u00e4ndige Aufsichtsbeh\u00f6rde ist die Landesbeauftragte f\u00fcr den Datenschutz Niedersachsen, Prinzenstra\u00dfe 5, 30159 Hannover. E-Mail: poststelle@lfd.niedersachsen.de<\/h6>\n<\/header>\n<p>**********************************************************************<\/p>\n<p><strong>Informationsblatt gem\u00e4\u00df Art. 13 ff. Datenschutzgrundverordnung (DSGVO)<\/strong><\/p>\n<h6>Hiermit informieren wir Sie \u00fcber die Verarbeitung personenbezogener Daten in unserer Schule.<\/h6>\n<h6><strong>I \u00a0 \u00a0 Datenverarbeitung<\/strong><\/h6>\n<h6>Die Schule erhebt und speichert personenbezogene Daten der Sch\u00fclerinnen und Sch\u00fcler und der Erziehungsberechtigten zum Zwecke der <strong>Erf\u00fcllung des Bildungsauftrags<\/strong> oder der <strong>F\u00fcrsorgeaufgaben<\/strong>, zur <strong>Erziehung<\/strong> oder <strong>F\u00f6rderung<\/strong> der Sch\u00fclerinnen und Sch\u00fcler oder zur Erforschung oder Entwicklung der <strong>Schulqualit\u00e4t,<\/strong> soweit dies erforderlich ist. Rechtsgrundlage dieser Verarbeitung ist \u00a7 31 Abs.1 Satz 1 des Nieders\u00e4chsischen Schulgesetzes (NSchG). Ohne eine rechtliche Grundlage ist die Verarbeitung personenbezogener Daten zul\u00e4ssig, wenn in die Verarbeitung eingewilligt wird. Die betreffenden Daten k\u00f6nnen freiwillig von Ihnen angegeben werden.<\/h6>\n<h6><\/h6>\n<h6><strong>II \u00a0\u00a0 \u00dcbermittlungen personenbezogener Daten<\/strong><\/h6>\n<h6>Gem\u00e4\u00df \u00a7 31 Abs. 2 NSchG \u00fcbermittelt die zust\u00e4ndige Meldebeh\u00f6rde den Grundschulen personenbezogene Daten der im jeweiligen Schulbezirk gemeldeten Kinder, deren Schulpflicht im folgenden Jahr beginnt, sowie die Daten der gesetzlichen Vertreter.\u00a0 Dies geschieht auch, wenn die Kinder vor dem Beginn der Schulpflicht durch Umzug innerhalb der Gemeinde den Schulbezirk wechseln oder in die Gemeinde zuziehen. Die Schule erh\u00e4lt folgende Daten durch die Meldebeh\u00f6rde \u00fcbermittelt<\/h6>\n<h6>zum Kind<\/h6>\n<h6>\u00a0 \u00a0 \u00a0 a) Familienname,<\/h6>\n<h6>\u00a0 \u00a0 \u00a0 b) Vornamen unter Kennzeichnung des gebr\u00e4uchlichen Vornamens,<\/h6>\n<h6>\u00a0 \u00a0 \u00a0 c) Geburtsdatum und Geburtsort sowie bei Geburt im Ausland auch den Staat,<\/h6>\n<h6>\u00a0 \u00a0 \u00a0 d) Geschlecht,<\/h6>\n<h6>zu den gesetzlichen Vertreterinnen oder Vertretern<\/h6>\n<h6>\u00a0 \u00a0 \u00a0 a) Familienname,<\/h6>\n<h6>\u00a0 \u00a0 \u00a0 b) Vornamen,<\/h6>\n<h6>\u00a0 \u00a0 \u00a0 c) Anschrift,<\/h6>\n<h6>\u00a0 \u00a0 \u00a0 d) Auskunftssperren nach \u00a7 51 des Bundesmeldegesetzes und bedingte Sperrvermerke nach \u00a7 52 des<\/h6>\n<h6>\u00a0 \u00a0 \u00a0 \u00a0 \u00a0 Bundesmeldegesetzes.<\/h6>\n<h6>Diese Daten werden von der abgebenden Schule an die aufnehmende Schule zum Zweck der \u00dcberwachung der Einhaltung der Schulpflicht \u00fcbermittelt, wenn eine schulpflichtige Sch\u00fclerin oder ein schulpflichtiger Sch\u00fcler die Schule innerhalb Niedersachsens wechselt.<\/h6>\n<h6><\/h6>\n<h6>Die Anschrift der Sch\u00fclerin oder des Sch\u00fclers und der Erziehungsberechtigten wird an die Stadt Osnabr\u00fcck als Tr\u00e4ger der Sch\u00fclerbef\u00f6rderung und somit an die Stadtwerke Osnabr\u00fcck weitergegeben. Die untere Gesundheitsbeh\u00f6rden erh\u00e4lt zum Zwecke der Durchf\u00fchrung der Schuleingangsuntersuchung und der Zahngesundheitsprophylaxe ebenfalls Daten. Grundlage f\u00fcr diese \u00dcbermittlungen ist \u00a7 31 Abs.1 S.2 NSchG.<\/h6>\n<h6><\/h6>\n<h6>Die Westermann-Gruppe verarbeitet auf Grundlage eines schriftlichen Vertrages als Auftragsverarbeiter weisungsgebunden personenbezogene Daten in unserem Auftrag im Rahmen der Nutzung des Online-Dienstes Antolin.<\/h6>\n<h6>Die Iserv GmbH verarbeitet auf Grundlage eines schriftlichen Vertrages als Auftragsverarbeiter weisungsgebunden personenbezogene Daten in unserem Auftrag zum Zwecke der Wartung des Schulservers Iserv.<\/h6>\n<h6>Homepage: Hosting-Leistungen wie die Bereitstellung und Verwaltung von physischen oder virtuellen Internet-Servern, das Vorhalten von Postf\u00e4chern f\u00fcr E-Mails, die Anmeldung von Internet-Domains oder die Anforderung von SSL-zertifikaten geschiet durch Detlev Hooge. Auch hier werden personenbezogene Daten verarbeitet.<\/h6>\n<h6><\/h6>\n<h6><strong>\u00a0<\/strong><\/h6>\n<h6><strong>III. Dauer der Speicherung der personenbezogenen Daten<\/strong><\/h6>\n<h6>Im Schulbereich ist f\u00fcr die Speicherdauer der Runderlass des Nieders\u00e4chsischen Kultusministeriums zur \u201eAufbewahrung von Schriftgut in \u00f6ffentlichen Schulen: L\u00f6schung personenbezogener Daten nach \u00a7 17 Abs. 2 NDSG\u201c\u00a0 2.1.2012 (RdErl. d. MK v. 2.1.2012 &#8211; 11-02201\/1, 05410\/1.2 (Nds.MBl. Nr.3\/2012 S.81; SVBl. 3\/2012 S.162) &#8211; VORIS 22560 &#8211; Im Einvernehmen mit der StK und dem MI -) ma\u00dfgebend.<\/h6>\n<h6><strong>\u00a0<\/strong><\/h6>\n<ol>\n<li>\n<h6><strong> Betroffenenrechte<\/strong><\/h6>\n<\/li>\n<\/ol>\n<h6>Sie k\u00f6nnen folgende Rechte geltend machen:<\/h6>\n<h6><\/h6>\n<ul>\n<li>\n<h6><strong>Auskunft\/ Akteneinsicht<\/strong><\/h6>\n<\/li>\n<\/ul>\n<h6>Gem. Art. 15 DSGVO haben Sie das Recht, Auskunft bzw. Akteneinsicht \u00fcber die von uns verarbeiteten personenbezogenen Daten zu erhalten<\/h6>\n<ul>\n<li>\n<h6><strong>Berichtigung<\/strong><\/h6>\n<\/li>\n<\/ul>\n<h6>Sind bei uns gespeicherte personenbezogene Daten unrichtig oder unvollst\u00e4ndig, haben Sie gem. Art. 16 DSGVO das Recht, diese berichtigen bzw. vervollst\u00e4ndigen zu lassen.<\/h6>\n<ul>\n<li>\n<h6><strong>L\u00f6schung<\/strong><\/h6>\n<\/li>\n<\/ul>\n<h6>Art. 17 DSGVO normiert das Recht auf L\u00f6schung personenbezogener Daten. Dieses Recht steht Ihnen insbesondere dann zu, wenn die Speicherung der personenbezogenen Daten zur Erf\u00fcllung unserer gesetzlichen Aufgaben nicht mehr erforderlich ist oder Sie Ihre Einwilligung zur Datenverarbeitung mit Wirkung f\u00fcr die Zukunft widerrufen haben.<\/h6>\n<ul>\n<li>\n<h6><strong>Einschr\u00e4nkung der Verarbeitung<\/strong><\/h6>\n<\/li>\n<\/ul>\n<h6>Gem. Art. 18 DSGVO k\u00f6nnen Sie die Einschr\u00e4nkung der Verarbeitung der personenbezogenen Daten verlangen, wenn<\/h6>\n<h6>&#8211;\u00a0\u00a0\u00a0\u00a0\u00a0\u00a0\u00a0\u00a0\u00a0 die Richtigkeit der Daten von Ihnen bestritten wird<\/h6>\n<h6>&#8211;\u00a0\u00a0\u00a0\u00a0\u00a0\u00a0\u00a0\u00a0\u00a0 die Verarbeitung unrechtm\u00e4\u00dfig ist, Sie aber deren L\u00f6schung ablehnen<\/h6>\n<h6>&#8211;\u00a0\u00a0\u00a0\u00a0\u00a0\u00a0\u00a0\u00a0\u00a0 wir die Daten nicht mehr ben\u00f6tigen, Sie jedoch diese zur Geltendmachung, Aus\u00fcbung oder Verteidigung von Rechtsanspr\u00fcchen ben\u00f6tigen<\/h6>\n<h6>&#8211;\u00a0\u00a0\u00a0\u00a0\u00a0\u00a0\u00a0\u00a0\u00a0 oder Sie gem\u00e4\u00df Art. 21 DSGVO Widerspruch gegen die Verarbeitung eingelegt haben<\/h6>\n<ul>\n<li>\n<h6><strong>Widerspruch<\/strong><\/h6>\n<\/li>\n<\/ul>\n<h6>Sie k\u00f6nnen bei Gr\u00fcnden, die sich aus Ihrer besonderen Situation ergeben, ein Widerspruchsrecht geltend machen. Gem. Art. 21 DSGVO ist jedoch zu ber\u00fccksichtigten, ob schutzw\u00fcrdige Gr\u00fcnde f\u00fcr die Verarbeitung vorliegen oder die Verarbeitung der Geltendmachung, Aus\u00fcbung oder Verteidigung von Rechtsanspr\u00fcchen dient.<\/h6>\n<ul>\n<li>\n<h6><strong>Daten\u00fcbertragbarkeit<\/strong><\/h6>\n<\/li>\n<\/ul>\n<h6>Ist die Verarbeitung Ihrer Daten mit Hilfe eines automatisierten Verfahrens erfolgt, haben Sie gem. Art. 20 DSGVO das Recht, die Daten in einem g\u00e4ngigen und maschinenlesbaren Format zu erhalten und an eine andere Schule zu \u00fcbermitteln bzw. durch uns \u00fcbermitteln zu lassen.<\/h6>\n<ul>\n<li>\n<h6><strong>Widerruf der Einwilligung<\/strong><\/h6>\n<\/li>\n<\/ul>\n<h6>Sie haben gem. Art. 7 Absatz 3 DSGVO das Recht, eine uns erteilte Einwilligung jederzeit mit Wirkung f\u00fcr die Zukunft zu widerrufen.<\/h6>\n<ul>\n<li>\n<h6><strong>Beschwerde<\/strong><\/h6>\n<\/li>\n<\/ul>\n<h6>Art. 77 DSGVO enth\u00e4lt ein Beschwerderecht bei der Aufsichtsbeh\u00f6rde. Die f\u00fcr uns zust\u00e4ndige Aufsichtsbeh\u00f6rde ist die Landesbeauftragte f\u00fcr den Datenschutz Niedersachsen,<\/h6>\n<h6>Prinzenstra\u00dfe 5, 30159 Hannover. E-Mail: poststelle@lfd.niedersachsen.de<u>.<\/u><\/h6>\n<h6>Eine Beschwerde hat \u00fcber das auf der Homepage der Landesbeauftragten f\u00fcr den Datenschutz eingestellte Beschwerdeformular zu erfolgen.<\/h6>\n<h6><\/h6>\n<h6><strong>Verantwortlicher und Datenschutzbeauftragter<\/strong><\/h6>\n<h6>Die datenverarbeitende Stelle ist die Grundschule Atter, Leyer Str. 153, 49076 Osnabr\u00fcck.<\/h6>\n<h6>Unseren Datenschutzbeauftragten erreichen Sie unter der Emailadresse marco.wolters@gs-atter.de.<\/h6>\n<h6>\u00a0***************************************************************************************<\/h6>\n<div class=\"entry-content\">\n<div class=\"entry-content\">\n<p><strong>I. Name und Anschrift unseres Host-Providers<\/strong><\/p>\n<p>Detlev Hoge<\/p>\n<p>Theelenkamp 4<\/p>\n<p>49545 Tecklenburg<\/p>\n<p><strong>II. Bereitstellung der Website und Erstellung von Logfiles<br \/>\n<\/strong>Bei jedem Aufruf unserer Internetseite erfasst unser System automatisiert Daten und Informationen vom Computersystem des aufrufenden Rechners. Folgende Daten werden hierbei erhoben:<\/p>\n<p>(1) Datum und Uhrzeit des Zugriffes<br \/>\n(2) Vom System protokollierte Fehler beim Aufruf unserer Seiten<br \/>\n(3) Die IP-Adresse des Nutzers<br \/>\n(4) Die Betriebssystemversion des Nutzers<br \/>\n(5) Der Browsertyp des Nutzers<br \/>\n(6) Die vom Nutzer aufgerufene Seite<br \/>\n(7) Die Weiterleitung auf eine externe Seite<\/p>\n<p>Die Daten werden in den Logfiles gespeichert. Eine Speicherung dieser Daten zusammen mit anderen personenbezogenen Daten des Nutzers findet nicht statt. Zweck der Datenspeicherung ist technische Optimierung unserer Internetseite. Rechtsgrundlage f\u00fcr die vor\u00fcbergehende Speicherung der Daten ist Art. 6 Abs.1 lit.f DSGVO.<\/p>\n<p>Die Daten werden f\u00fcr 52 Wochen gespeichert, sie werden lediglich statistisch ausgewertet. Danach werden sie gel\u00f6scht.<\/p>\n<p><b>III. Verwendung von Cookies<br \/>\n<\/b> Beim Anmelden in WordPress werden Cookies eingerichtet, um die Anmeldeinformationen und Anzeigeoptionen zu speichern. Anmelde-Cookies verfallen nach zwei Tagen und Cookies f\u00fcr die Anzeigeoptionen nach einem Jahr. Falls Sie bei der Anmeldung \u201eAngemeldet bleiben\u201c ausgew\u00e4hlt haben, wird Ihre Anmeldung zwei Wochen lang aufrechterhalten. Mit der Abmeldung aus Ihrem Konto werden die Anmelde-Cookies gel\u00f6scht.<\/p>\n<p><strong>IV. Speicherung personenbezogener Daten bei Kontaktaufnahme<br \/>\n<\/strong>Sofern Sie per E-Mail den Kontakt mit uns aufnehmen, werden die von Ihnen \u00fcbermittelten personenbezogenen Daten automatisch gespeichert. Diese Daten werden f\u00fcr Zwecke der Bearbeitung Ihres Anliegens und der Kontaktaufnahme mit Ihnen gespeichert.<\/p>\n<p>Wenn Sie Gebrauch von unserem Kontaktformular machen, werden die folgenden personenbezogenen Daten von Ihnen gespeichert: Ihr Name, Ihre Anschrift, Ihre E-Mail-Adresse.<\/p>\n<p>Die L\u00f6schung der Daten erfolgt, sobald deren Speicherung f\u00fcr die Bearbeitung Ihres Anliegens nicht mehr erforderlich ist.<\/p>\n<p><b>V. Eingebettete Inhalte von anderen Websites<br \/>\n<\/b> Beitr\u00e4ge auf dieser Website k\u00f6nnen eingebettete Inhalte beinhalten (z. B. Videos, Bilder, Beitr\u00e4ge etc.). Eingebettete Inhalte von anderen Websites verhalten sich exakt so, als ob der Besucher die andere Website besucht h\u00e4tte.<br \/>\nDiese Websites k\u00f6nnen Daten \u00fcber Sie sammeln, Cookies benutzen, zus\u00e4tzliche Tracking-Dienste von Dritten einbetten und Ihre Interaktion mit diesem eingebetteten Inhalt aufzeichnen, inklusive Ihrer Interaktion mit dem eingebetteten Inhalt, falls Sie ein Konto haben und auf dieser Website angemeldet sind.\u201c<\/p>\n<p><strong>X. Betroffenenrechte<br \/>\ns.o. <\/strong><\/p>\n<\/div>\n<\/div>\n","protected":false},"excerpt":{"rendered":"<p>I. Name und Anschrift des Verantwortlichen Land Niedersachsen (Dienstanbieter im Sinne des Telemediengesetzes) Das Land Niedersachsen ist eine juristische Person des \u00f6ffentlichen Rechts vertreten durch Frau Maike Breski als Schulleiterin. Grundschule Atter Leyer Str. 153 49076 Osnabr\u00fcck Tel. 0541-323-81800 E-Mail: info@gs-atter.de Verantwortlicher f\u00fcr redaktionell-journalistische Angebote i.S. \u00a755 Abs. 2 Rundfunkstaatsvertrag: Maike Breski \/ GS Atter &#8230; <a title=\"Impressum \/ DSGVO\" class=\"read-more\" href=\"http:\/\/www.gs-atter.de.maschinenhalle.eu\/?page_id=16\" aria-label=\"Mehr dazu unter Impressum \/ DSGVO\">Weiterlesen<\/a><\/p>\n","protected":false},"author":1,"featured_media":0,"parent":14,"menu_order":0,"comment_status":"closed","ping_status":"closed","template":"","meta":[],"_links":{"self":[{"href":"http:\/\/www.gs-atter.de.maschinenhalle.eu\/index.php?rest_route=\/wp\/v2\/pages\/16"}],"collection":[{"href":"http:\/\/www.gs-atter.de.maschinenhalle.eu\/index.php?rest_route=\/wp\/v2\/pages"}],"about":[{"href":"http:\/\/www.gs-atter.de.maschinenhalle.eu\/index.php?rest_route=\/wp\/v2\/types\/page"}],"author":[{"embeddable":true,"href":"http:\/\/www.gs-atter.de.maschinenhalle.eu\/index.php?rest_route=\/wp\/v2\/users\/1"}],"replies":[{"embeddable":true,"href":"http:\/\/www.gs-atter.de.maschinenhalle.eu\/index.php?rest_route=%2Fwp%2Fv2%2Fcomments&post=16"}],"version-history":[{"count":20,"href":"http:\/\/www.gs-atter.de.maschinenhalle.eu\/index.php?rest_route=\/wp\/v2\/pages\/16\/revisions"}],"predecessor-version":[{"id":12832,"href":"http:\/\/www.gs-atter.de.maschinenhalle.eu\/index.php?rest_route=\/wp\/v2\/pages\/16\/revisions\/12832"}],"up":[{"embeddable":true,"href":"http:\/\/www.gs-atter.de.maschinenhalle.eu\/index.php?rest_route=\/wp\/v2\/pages\/14"}],"wp:attachment":[{"href":"http:\/\/www.gs-atter.de.maschinenhalle.eu\/index.php?rest_route=%2Fwp%2Fv2%2Fmedia&parent=16"}],"curies":[{"name":"wp","href":"https:\/\/api.w.org\/{rel}","templated":true}]}}